k. List the prime factors of p.
229
Let i = 11 - 12. Let v be (2 + i)*(-6)/15*-10. Suppose -2*y + 550 = 4*n, 7 = 3*y + v. What are the prime factors of n?
137
Let q be 1/3 + 28/6. Let p = 268 + -70. Suppose -q*i = -x - 497, -287 = -5*i + 5*x + p. List the prime factors of i.
2, 5
Suppose -f - 147 = -162. What are the prime factors of (-28)/(-6) + -4 - (-19280)/f?
2, 643
Suppose -13*y = -10744 + 1228. Let b = y - 436. List the prime factors of b.
2, 37
Let p(i) = -3*i - 67. Let f be p(-24). Suppose -4*r + 2179 = f*c, 5*c + 3*r - 2200 = -17. List the prime factors of c.
439
Let b(s) = -2*s**2 + 7*s + 3. Let o be b(0). Suppose o*f + 5*y = 756, -5*f + 1911 = -5*y + 651. What are the prime factors of f?
2, 3, 7
Let j = 6577 - 2793. Suppose -j - 5222 = -19*s. What are the prime factors of s?
2, 3, 79
Suppose 8*w - 9497 = 3103. Let c = w - 793. What are the prime factors of c?
2, 17, 23
Suppose q + 5177 = -2*c, -5*c - 4*q - 5231 = 7713. What are the prime factors of c/(-18) + 20/90?
2, 3
Let x(a) = -40*a**3 - 2*a - 1. Let f(u) = 2*u**2 - 19*u - 11. Suppose -3*g = 15 - 45. Let k be f(g). List the prime factors of x(k).
41
Let l(j) = 4*j**2 + 28*j - 45. List the prime factors of l(-97).
3, 5, 31
Let y be -3 + (1 - 119 - 0). Let n = -117 - y. Let u(q) = 10*q**2 - 11*q + 4. List the prime factors of u(n).
2, 3, 5
Suppose 5*a + 6 = 3*v - 5, a + 1 = 0. Suppose 0 = -3*q - v*q - 4*k - 37, -4*k - 12 = 0. What are the prime factors of q/2*((-156)/(-15))/(-1)?
2, 13
Let k be ((-87)/2)/((-36)/(-72)). List the prime factors of (-3812)/(-6) - 58/k.
2, 3, 53
Let k be -2*(-4 + (-28)/(-8)). What are the prime factors of 64*k - (-12 + 13)?
3, 7
Let t be (-1)/(1 + 0) + 1 + 2. Suppose 430 = -5*w - 2*h, 0*h - t*h + 74 = -w. Let u = w - -127. What are the prime factors of u?
43
Let m be (5/(-2))/((-2)/4). Let n(d) = -d**3 + 7*d**2 - 9*d + 2. Let g be n(m). Let z = 98 + g. List the prime factors of z.
3, 5, 7
Let g = 24519 - 13824. What are the prime factors of g?
3, 5, 23, 31
Let k(z) = 325*z - 54. Let j(g) = -g - 2. Let l(w) = 6*j(w) - k(w). What are the prime factors of l(-3)?
3, 5, 23
Let g = 8391 - 5428. List the prime factors of g.
2963
What are the prime factors of 8 + 0 - (8 + -28011 - 6)?
3, 11, 283
Let q(m) = -39*m - 24. Let p(u) = -118*u - 72. Let g(y) = 5*p(y) - 14*q(y). Let i be g(-11). What are the prime factors of (i/15 + -1)*3?
89
Suppose 2*g = 3*l + 19220, 3*g + 3*l - 2387 - 26458 = 0. List the prime factors of g.
9613
Let i(s) = -105*s**2 - 2 - 94*s**2 - 15*s + 14*s. Let o be i(-1). Let x = -91 - o. What are the prime factors of x?
109
Suppose 3*q + 194*p - 196*p = 3447, -4*p - 5747 = -5*q. What are the prime factors of q?
31, 37
Let f be (-3963 + -7)*((-5)/2 + 2). Suppose 2*u + f = 5*h - 1252, 0 = -h - 3*u + 644. List the prime factors of h.
647
Let q = 121 - 106. Let j(s) = s - 8*s**2 + 23*s**2 - s**3 + 6*s + 1 + 20. What are the prime factors of j(q)?
2, 3, 7
Suppose -4*u - o = -1659 - 3026, 5*o + 4703 = 4*u. What are the prime factors of u?
2, 293
Let p(w) = w**3 + 9*w**2 + 3*w + 12. Let i be p(-7). Let j(h) = -2*h**3 - 47*h**2 + i*h**2 - 45*h**2 + 2*h + 4. List the prime factors of j(-4).
2, 19
Let r be 1/4*(-22 - 2166). Let d = r - -1527. List the prime factors of d.
2, 5, 7
Let s(w) = 20*w + 215. Let l be s(-11). Let x = -4 + 5. List the prime factors of (-1)/x + (83 - l).
3, 29
What are the prime factors of (360/96)/15 + (-65411)/(-4)?
3, 23, 79
List the prime factors of 1/((-36)/(-1014)*13 + 47225/(-102349)).
7873
Let n = -2371 + 3395. Suppose -2441 = -9*a + n. List the prime factors of a.
5, 7, 11
Let i be (-7)/((-7)/2)*1. Suppose -3*b = a - 151, 4*b + i*a + 2*a = 196. List the prime factors of b - ((-3)/(-3) - 4).
2, 3
Let j = 92 + -93. Let v be -5 + (0 - j)*0/1. What are the prime factors of v + (-1 - -90) - (-1 - 1)?
2, 43
Suppose -2*z = 3*z - 670. Let b = 165 + z. What are the prime factors of b?
13, 23
What are the prime factors of (-1017135)/(-147) - (-36)/(-28)?
2, 3, 1153
Suppose 5*f - 8041 = b - 5*b, 0 = -2*f + b + 3206. Suppose 2982 = 11*n - f. What are the prime factors of n?
3, 139
List the prime factors of ((-7425)/(-10) - 4/8)/(38/1121).
7, 53, 59
Suppose -5*j - 3*u + 129506 = 0, -39*j + 42*j + u = 77698. List the prime factors of j.
19, 29, 47
Let j(k) = 307*k - 133. List the prime factors of j(24).
5, 1447
Let x = 74844 - -8371. List the prime factors of x.
5, 11, 17, 89
Let d be 2013/33*(-2 - -3). Suppose -69*f = -d*f - 5656. List the prime factors of f.
7, 101
Let g = 5369 + -3411. Let l = g + -1024. List the prime factors of l.
2, 467
Suppose -18*q + 26*q = 40. Suppose k - 2822 = -q*j, k - 1127 = 34*j - 36*j. What are the prime factors of j?
5, 113
Let h = 471 + -771. List the prime factors of 200/h - (1 + (-62)/3).
19
Let h = -31266 + 58660. List the prime factors of h.
2, 13697
Let i be 798/15*(15 - 10). Suppose 0 = 2*u - 5*f - 169, 3*u + f - i = 6*f. List the prime factors of u.
97
Suppose 2387 = 2*j - 2*m - 6245, -4*j + 17268 = -5*m. Let g = j - 2644. Suppose 3*v + g = 15*v. List the prime factors of v.
139
Let a(x) = 517*x + 52. Let r(j) = -27*j - 80. Let v be r(-3). What are the prime factors of a(v)?
569
What are the prime factors of (-22815)/(-2) - (-519)/346?
3, 3803
Let q(c) = c**3 - 8*c**2 - 21*c + 16. Let w be q(10). Suppose -2*f + w = -0. Suppose m - 4*b = 75, f*m = 5*b + 87 + 145. List the prime factors of m.
79
Let m(q) = -q**3 + 11*q**2 - 2*q + 2. Let h be m(6). Let n be 24/(-6) + 24/4. Suppose n*i = 4*i - h. List the prime factors of i.
5, 17
Let g = 27580 - 13420. What are the prime factors of g?
2, 3, 5, 59
Let d be ((-6)/9)/((-11368)/5682 - -2). Let u = d + -544. What are the prime factors of u?
13, 31
Let x = -2129 - -4749. What are the prime factors of x?
2, 5, 131
Let z(t) = t + 1. Let y be z(4). Let a(f) = 5*f**2 - 7*f - 2*f**2 + 11*f + 2*f**2. List the prime factors of a(y).
5, 29
Suppose 7*g = 21 + 28. Suppose 284 = -g*s + 8383. List the prime factors of s.
13, 89
Let i = -617 - -614. What are the prime factors of (-4761)/i + 2 + 4?
3, 59
Suppose -7*i = -37*i + 2783370. What are the prime factors of i?
92779
Let d be (-13)/(117/(-66))*-3. List the prime factors of (-88)/d - (-1743 - 1).
2, 19, 23
Suppose p = -1 - 29. Let t = 99 + p. List the prime factors of t.
3, 23
Let u = -33827 - -50100. What are the prime factors of u?
16273
Let i(p) = 2*p**3 + 23*p**2 + 30*p + 25. Let m be i(-10). Let t = 447 + m. What are the prime factors of t?
2, 59
Suppose 0*o - 4*o = 8, 4*o - 225 = n. Let t = 347 + n. What are the prime factors of t?
2, 3, 19
Suppose -5*u = -4*u - 289. Suppose 743*a - 782*a - 6552 = 0. Let r = u + a. What are the prime factors of r?
11
Let g(l) = 5*l**3 - 18*l**2 + 49*l - 19. What are the prime factors of g(11)?
19, 263
Let k = -146 - -47. Let j(h) = -12*h - 20. Let g be j(10). Let p = k - g. What are the prime factors of p?
41
Let z(m) = -m**2 - m + 1. Let o be z(0). Let h = 5871 + -5877. List the prime factors of (-1822)/h + (o - (-2)/(-3)).
2, 19
Suppose 5*c = 5*l - 1645, -4*l = -0*l + 5*c - 1343. Let u = 1040 - l. List the prime factors of u.
2, 3, 59
Suppose 56*c - 2424127 = 1067529. List the prime factors of c.
62351
Suppose 13 = 5*j + 3. Let h(q) = 2*q**2 - 8*q + 8. Let b be h(j). Suppose 4*c - 198 + 34 = b. List the prime factors of c.
41
Suppose 14*u - 27*u + 4212 = 0. Suppose 10*n - 2944 = -u. List the prime factors of n.
2, 131
Let q be 68/(-3)*42/(-28). Suppose 38*k - q*k = 1604. What are the prime factors of k?
401
Let h(j) = 1681*j**2 - 245*j - 492. What are the prime factors of h(-2)?
2, 3361
Let x = 57 + -56. Let z(i) = 145*i**2 - i + 2. Let u be z(x). Let l = -33 + u. What are the prime factors of l?
113
Let r = -75 - -78. Let x(g) = 17*g**3 - 3*g**2 + g - 15. What are the prime factors of x(r)?
2, 3, 5, 7
Suppose o = -17*k + 12*k + 16, 4*k - 8 = 0. List the prime factors of ((15330/(-25))/(-7))/(o/45).
3, 73
Suppose p + 78 = -4*p - 3*s, -p + s - 14 = 0. Let c = 19 + p. Let d(l) = 3*l**2 - 3*l + 1. What are the prime factors of d(c)?
37
What are the prime factors of -14*((-13)/143 + (-1340)/22)?
2, 7, 61
Let m(k) be the first derivative of -142*k**2 - 17*k + 23. What are the prime factors of m(-3)?
5, 167
Suppose -61*y + 5*y = 14560. List the prime factors of 10/4*(-26